{"id":336,"date":"2023-04-22T22:34:10","date_gmt":"2023-04-22T22:34:10","guid":{"rendered":"https:\/\/rjmguatemala.org\/?page_id=336"},"modified":"2023-09-18T01:34:30","modified_gmt":"2023-09-18T01:34:30","slug":"dona","status":"publish","type":"page","link":"https:\/\/rjmguatemala.org\/index.php\/dona\/","title":{"rendered":"DONA"},"content":{"rendered":"\t\t<div data-elementor-type=\"wp-page\" data-elementor-id=\"336\" class=\"elementor elementor-336\">\n\t\t\t\t\t\t<section class=\"elementor-section elementor-top-section elementor-element elementor-element-44fe660 elementor-section-height-min-height elementor-section-boxed elementor-section-height-default elementor-section-items-middle\" data-id=\"44fe660\" data-element_type=\"section\" data-settings=\"{&quot;background_background&quot;:&quot;classic&quot;}\">\n\t\t\t\t\t\t\t<div class=\"elementor-background-overlay\"><\/div>\n\t\t\t\t\t\t\t<div class=\"elementor-container elementor-column-gap-no\">\n\t\t\t\t\t<div class=\"elementor-column elementor-col-100 elementor-top-column elementor-element elementor-element-6ea22552\" data-id=\"6ea22552\" data-element_type=\"column\">\n\t\t\t<div class=\"elementor-widget-wrap elementor-element-populated\">\n\t\t\t\t\t\t<div class=\"elementor-element elementor-element-6e4e8d elementor-invisible elementor-widget elementor-widget-text-editor\" data-id=\"6e4e8d\" data-element_type=\"widget\" data-settings=\"{&quot;_animation&quot;:&quot;fadeInUp&quot;}\" data-widget_type=\"text-editor.default\">\n\t\t\t\t<div class=\"elementor-widget-container\">\n\t\t\t\t\t\t\t\t\t<p>Ay\u00fadanos a seguir acompa\u00f1ando, has tu donaci\u00f3n a la cuenta<\/p>\n<p><strong>BAM 30-4026377-4<\/strong><\/p>\n<p><strong>Centro de Informaci\u00f3n y Acci\u00f3n Social (RJM)<\/strong><\/p>\t\t\t\t\t\t\t\t<\/div>\n\t\t\t\t<\/div>\n\t\t\t\t<div class=\"elementor-element elementor-element-65d19e0a elementor-widget elementor-widget-spacer\" data-id=\"65d19e0a\" data-element_type=\"widget\" data-widget_type=\"spacer.default\">\n\t\t\t\t<div class=\"elementor-widget-container\">\n\t\t\t\t\t\t\t<div class=\"elementor-spacer\">\n\t\t\t<div class=\"elementor-spacer-inner\"><\/div>\n\t\t<\/div>\n\t\t\t\t\t\t<\/div>\n\t\t\t\t<\/div>\n\t\t\t\t\t<\/div>\n\t\t<\/div>\n\t\t\t\t\t<\/div>\n\t\t<\/section>\n\t\t\t\t<\/div>\n\t\t","protected":false},"excerpt":{"rendered":"<p>Ay\u00fadanos a seguir acompa\u00f1ando, has tu donaci\u00f3n a la cuenta BAM 30-4026377-4 Centro de Informaci\u00f3n y Acci\u00f3n Social (RJM)<\/p>\n","protected":false},"author":1,"featured_media":0,"parent":0,"menu_order":0,"comment_status":"closed","ping_status":"closed","template":"page-templates\/template-pagebuilder-full-width.php","meta":{"_themeisle_gutenberg_block_has_review":false,"_joinchat":[],"footnotes":""},"class_list":["post-336","page","type-page","status-publish","hentry"],"jetpack_sharing_enabled":true,"_links":{"self":[{"href":"https:\/\/rjmguatemala.org\/index.php\/wp-json\/wp\/v2\/pages\/336","targetHints":{"allow":["GET"]}}],"collection":[{"href":"https:\/\/rjmguatemala.org\/index.php\/wp-json\/wp\/v2\/pages"}],"about":[{"href":"https:\/\/rjmguatemala.org\/index.php\/wp-json\/wp\/v2\/types\/page"}],"author":[{"embeddable":true,"href":"https:\/\/rjmguatemala.org\/index.php\/wp-json\/wp\/v2\/users\/1"}],"replies":[{"embeddable":true,"href":"https:\/\/rjmguatemala.org\/index.php\/wp-json\/wp\/v2\/comments?post=336"}],"version-history":[{"count":14,"href":"https:\/\/rjmguatemala.org\/index.php\/wp-json\/wp\/v2\/pages\/336\/revisions"}],"predecessor-version":[{"id":686,"href":"https:\/\/rjmguatemala.org\/index.php\/wp-json\/wp\/v2\/pages\/336\/revisions\/686"}],"wp:attachment":[{"href":"https:\/\/rjmguatemala.org\/index.php\/wp-json\/wp\/v2\/media?parent=336"}],"curies":[{"name":"wp","href":"https:\/\/api.w.org\/{rel}","templated":true}]}}