{"id":476,"date":"2023-06-20T17:06:17","date_gmt":"2023-06-20T17:06:17","guid":{"rendered":"https:\/\/rjmguatemala.org\/?page_id=476"},"modified":"2025-05-19T03:34:48","modified_gmt":"2025-05-19T03:34:48","slug":"convocatorias","status":"publish","type":"page","link":"https:\/\/rjmguatemala.org\/index.php\/convocatorias\/","title":{"rendered":"CONVOCATORIAS"},"content":{"rendered":"\t\t<div data-elementor-type=\"wp-page\" data-elementor-id=\"476\" class=\"elementor elementor-476\">\n\t\t\t\t\t\t<section class=\"elementor-section elementor-top-section elementor-element elementor-element-2a4e9324 elementor-section-boxed elementor-section-height-default elementor-section-height-default\" data-id=\"2a4e9324\" data-element_type=\"section\">\n\t\t\t\t\t\t<div class=\"elementor-container elementor-column-gap-default\">\n\t\t\t\t\t<div class=\"elementor-column elementor-col-100 elementor-top-column elementor-element elementor-element-3db9c4ba\" data-id=\"3db9c4ba\" data-element_type=\"column\">\n\t\t\t<div class=\"elementor-widget-wrap elementor-element-populated\">\n\t\t\t\t\t\t<div class=\"elementor-element elementor-element-66d8dab7 elementor-widget elementor-widget-text-editor\" data-id=\"66d8dab7\" data-element_type=\"widget\" data-widget_type=\"text-editor.default\">\n\t\t\t\t<div class=\"elementor-widget-container\">\n\t\t\t\t\t\t\t\t\t<p><\/p>\n<p><\/p>\n<p><\/p>\n<p>2023<\/p>\n<p><\/p>\n<p><\/p>\n<p><em>Junio<\/em><\/p>\n<p><\/p>\n<p><\/p>\n<p><a href=\"https:\/\/www.facebook.com\/photo\/?fbid=306816108344218&amp;set=a.112743204418177\"><strong>Abogado para Atenci\u00f3n Legal<\/strong>, Vence el 20 de junio de 2023.<\/a><\/p>\n<p><\/p>\n<p><\/p>\n<p><strong><em>\u00a0<u>Septiembre<\/u><\/em><\/strong><\/p>\n<p><\/p>\n<p><\/p>\n<p><strong><a href=\"https:\/\/drive.google.com\/file\/d\/1AQHd-FIlz-rv9DlXppNJIlBXVYmvgdqK\/view?usp=drive_link\" data-type=\"URL\" data-id=\"https:\/\/drive.google.com\/file\/d\/1HUQsCOi5xzdIfwW-bU50SmlsESMcC7qh\/view?usp=drive_link\">CONSULTORIA PARA PROCESO DE SISTEMATIZACI\u00d3N DE LA EXPERIENCIA DE LA RED DE ATENCI\u00d3N Y ACTUALIZACI\u00d3N DEL PROTOCOLO REGIONAL<\/a><\/strong>: Vence el 28 de septiembre del 2023<\/p>\n<p><\/p>\n<p><\/p>\n<p><a href=\"https:\/\/drive.google.com\/file\/d\/1AQHd-FIlz-rv9DlXppNJIlBXVYmvgdqK\/view?usp=drive_link\"><strong>CONSULTORIA PARA ELABORAR UNA GU\u00cdA PSICOSOCIAL DE NI\u00d1EZ Y FAMILIAS EN CONTEXTO DE MOVILIDAD, SISTEMATIZACI\u00d3N DE LA INTERVENCI\u00d3N EN EL \u201cCASO CAMARGO, TAMAULIPAS, M\u00c9XICO\u201d Y SISTEMATIZACI\u00d3N DEL CONGRESO DE BUENAS PR\u00c1CTICAS A REALIZARSE EN UNIVERSIDAD RAFAEL LAND\u00cdVAR<\/strong><\/a>,\u00a0Vence el 30 de septiembre del 2023<\/p>\n<p>\u00a0<b><i><u>Octubre<\/u><\/i><\/b><\/p>\n<p><a href=\"https:\/\/drive.google.com\/file\/d\/1Vl3wslAtUetIhy3pJdbautwLBCgOxoHf\/view?usp=sharing\"><b>CONSULTOR\u00cdA PARA LA IMPLEMENTACI\u00d3N DE TALLERES DE ARTE-TERAPIA.\u00a0<\/b><b style=\"font-size: inherit;\">EXPRESI\u00d3N DE EMOCIONES CON NI\u00d1AS, NI\u00d1OS Y ADOLESCENTES EN\u00a0<\/b><b style=\"font-size: inherit;\">CONTEXTO DE MOVILIDAD.<\/b><\/a>\u00a0Vence el 10 de octubre del 2023<\/p>\n<p><strong>Noviembre<\/strong><\/p>\n<p><strong><a href=\"https:\/\/drive.google.com\/file\/d\/10abiuOGM7vfJ28DbLpb3y4lY5u9mFzn6\/view?usp=sharing\" target=\"_blank\" rel=\"noopener\" style=\"transition-property: all;\">CONTRATACI\u00d3N DE SERVICIOS PROFESIONALES PARA PRODUCCI\u00d3N DE DOCUMENTAL &#8211; PODCAST PARA EL PROYECTO \u201cACOMPA\u00d1AMIENTO PSICOSOCIAL EN 4 CONTEXTOS DE MIGRACI\u00d3N DE ORIGEN: SANTA MAR\u00cdA CHIQUIMULA(TOTONICAP\u00c1N), ZACUALPA (QUICH\u00c9), ZUNIL (QUETZALTENANGO) Y DEPARTAMENTO DE GUATEMALA\u201d<\/a><\/strong><span style=\"font-size: inherit;\">. Vence el 4 de Diciembre.<\/span><\/p>\n<p><\/p>\n<p><\/p>\n<p><\/p>\n<p><\/p>\t\t\t\t\t\t\t\t<\/div>\n\t\t\t\t<\/div>\n\t\t\t\t\t<\/div>\n\t\t<\/div>\n\t\t\t\t\t<\/div>\n\t\t<\/section>\n\t\t\t\t<section class=\"elementor-section elementor-top-section elementor-element elementor-element-b020730 elementor-section-boxed elementor-section-height-default elementor-section-height-default\" data-id=\"b020730\" data-element_type=\"section\">\n\t\t\t\t\t\t<div class=\"elementor-container elementor-column-gap-default\">\n\t\t\t\t\t<div class=\"elementor-column elementor-col-100 elementor-top-column elementor-element elementor-element-69935d7\" data-id=\"69935d7\" data-element_type=\"column\">\n\t\t\t<div class=\"elementor-widget-wrap elementor-element-populated\">\n\t\t\t\t\t\t<div class=\"elementor-element elementor-element-67b8cfa elementor-widget elementor-widget-heading\" data-id=\"67b8cfa\" data-element_type=\"widget\" data-widget_type=\"heading.default\">\n\t\t\t\t<div class=\"elementor-widget-container\">\n\t\t\t\t\t<h2 class=\"elementor-heading-title elementor-size-medium\">Convocatorias 2024<\/h2>\t\t\t\t<\/div>\n\t\t\t\t<\/div>\n\t\t\t\t\t<\/div>\n\t\t<\/div>\n\t\t\t\t\t<\/div>\n\t\t<\/section>\n\t\t\t\t<section class=\"elementor-section elementor-top-section elementor-element elementor-element-7b06b41 elementor-section-boxed elementor-section-height-default elementor-section-height-default\" data-id=\"7b06b41\" data-element_type=\"section\">\n\t\t\t\t\t\t<div class=\"elementor-container elementor-column-gap-default\">\n\t\t\t\t\t<div class=\"elementor-column elementor-col-100 elementor-top-column elementor-element elementor-element-989f4d5\" data-id=\"989f4d5\" data-element_type=\"column\">\n\t\t\t<div class=\"elementor-widget-wrap elementor-element-populated\">\n\t\t\t\t\t\t<div class=\"elementor-element elementor-element-ec9b594 elementor-widget elementor-widget-text-editor\" data-id=\"ec9b594\" data-element_type=\"widget\" data-widget_type=\"text-editor.default\">\n\t\t\t\t<div class=\"elementor-widget-container\">\n\t\t\t\t\t\t\t\t\t<p>CONVOCATORIA EXTERNA<\/p>\n<p>T\u00c9RMINOS DE REFERENCIA PARA SERVICIOS DE CONSULTOR\u00cdA:<\/p>\n<p><strong><a href=\"https:\/\/drive.google.com\/file\/d\/1KliTQzDd_tPG2RSCYu1nifTmckM5gaQ9\/view?usp=drive_link\" target=\"_blank\" style=\"background-color: #ffffff;\" rel=\"noopener\">CREACI\u00d3N DE PROTOCOLO DE ATENCI\u00d3N Y ACOMPA\u00d1AMIENTO A PERSONAS MIGRANTES, DESPLAZADAS FORZADAS, RETORNADAS, FAMILIARES DE MIGRANTES, SOLICITANTES DE REFUGIO Y PERSONAS REFUGIADAS<\/a>:<\/strong> Vence 15 de abril\u00a0<\/p>\t\t\t\t\t\t\t\t<\/div>\n\t\t\t\t<\/div>\n\t\t\t\t\t<\/div>\n\t\t<\/div>\n\t\t\t\t\t<\/div>\n\t\t<\/section>\n\t\t\t\t<section class=\"elementor-section elementor-top-section elementor-element elementor-element-a8d4c8c elementor-section-boxed elementor-section-height-default elementor-section-height-default\" data-id=\"a8d4c8c\" data-element_type=\"section\">\n\t\t\t\t\t\t<div class=\"elementor-container elementor-column-gap-default\">\n\t\t\t\t\t<div class=\"elementor-column elementor-col-100 elementor-top-column elementor-element elementor-element-f2884de\" data-id=\"f2884de\" data-element_type=\"column\">\n\t\t\t<div class=\"elementor-widget-wrap elementor-element-populated\">\n\t\t\t\t\t\t<div class=\"elementor-element elementor-element-bdc7702 elementor-widget elementor-widget-text-editor\" data-id=\"bdc7702\" data-element_type=\"widget\" data-widget_type=\"text-editor.default\">\n\t\t\t\t<div class=\"elementor-widget-container\">\n\t\t\t\t\t\t\t\t\t<p>CONVOCATORIA EXTERNA<\/p>\n<p>T\u00c9RMINOS DE REFERENCIA PARA SERVICIOS DE CONSULTOR\u00cdA:<\/p>\n<p><a href=\"https:\/\/drive.google.com\/file\/d\/18KfcEpJAdZKrtsu30iNE6KeOQONEc0p1\/view?usp=drive_link\"><strong>FORMACI\u00d3N AL EQUIPO DE RED JESUITA CON MIGRANTES GUATEMALA. ORGANIZACIONES ALIADAS Y PERSONAS VOLUNTARIAS, SOBRE LOS PROCESOS Y MECANISMOS DE ACCESO A DERECHOS PARA LA PROTECCI\u00d3N INTERNACIONAL Y REGULARIZACI\u00d3N MIGRATORIA: <\/strong><\/a>Vence 15 de abril<\/p>\t\t\t\t\t\t\t\t<\/div>\n\t\t\t\t<\/div>\n\t\t\t\t\t<\/div>\n\t\t<\/div>\n\t\t\t\t\t<\/div>\n\t\t<\/section>\n\t\t\t\t<section class=\"elementor-section elementor-top-section elementor-element elementor-element-da8d48e elementor-section-boxed elementor-section-height-default elementor-section-height-default\" data-id=\"da8d48e\" data-element_type=\"section\">\n\t\t\t\t\t\t<div class=\"elementor-container elementor-column-gap-default\">\n\t\t\t\t\t<div class=\"elementor-column elementor-col-100 elementor-top-column elementor-element elementor-element-c5eed67\" data-id=\"c5eed67\" data-element_type=\"column\">\n\t\t\t<div class=\"elementor-widget-wrap elementor-element-populated\">\n\t\t\t\t\t\t<div class=\"elementor-element elementor-element-fa6f603 elementor-widget elementor-widget-text-editor\" data-id=\"fa6f603\" data-element_type=\"widget\" data-widget_type=\"text-editor.default\">\n\t\t\t\t<div class=\"elementor-widget-container\">\n\t\t\t\t\t\t\t\t\t<p>CONVOCATORIA EXTERNA<\/p>\n<p>T\u00c9RMINOS DE REFERENCIA PARA SERVICIOS DE CONSULTOR\u00cdA:<\/p>\n<p><a href=\"https:\/\/drive.google.com\/file\/d\/1vQuUt3F774hOeMNTIwuehRzMymAmX2vn\/view?usp=drive_link\"><strong>CREACI\u00d3N DE PROTOCOLO DE ATENCI\u00d3N HUMANITARIA PARA PERSONAS MIGRANTES EN TR\u00c1NSITO Y REFUGIADAS PARA LA CASA MYRNA MACK<\/strong><\/a>. Vence el 15 de abril<\/p>\t\t\t\t\t\t\t\t<\/div>\n\t\t\t\t<\/div>\n\t\t\t\t\t<\/div>\n\t\t<\/div>\n\t\t\t\t\t<\/div>\n\t\t<\/section>\n\t\t\t\t<section class=\"elementor-section elementor-top-section elementor-element elementor-element-bf3e6bf elementor-section-boxed elementor-section-height-default elementor-section-height-default\" data-id=\"bf3e6bf\" data-element_type=\"section\">\n\t\t\t\t\t\t<div class=\"elementor-container elementor-column-gap-default\">\n\t\t\t\t\t<div class=\"elementor-column elementor-col-100 elementor-top-column elementor-element elementor-element-e34c8c3\" data-id=\"e34c8c3\" data-element_type=\"column\">\n\t\t\t<div class=\"elementor-widget-wrap elementor-element-populated\">\n\t\t\t\t\t\t<div class=\"elementor-element elementor-element-74f8f93 elementor-widget elementor-widget-text-editor\" data-id=\"74f8f93\" data-element_type=\"widget\" data-widget_type=\"text-editor.default\">\n\t\t\t\t<div class=\"elementor-widget-container\">\n\t\t\t\t\t\t\t\t\t<p>CONVOCATORIA EXTERNA<\/p>\n<p>T\u00c9RMINOS DE REFERENCIA PARA SERVICIOS DE CONSULTOR\u00cdA:<\/p>\n<p><a href=\"https:\/\/drive.google.com\/file\/d\/1KliTQzDd_tPG2RSCYu1nifTmckM5gaQ9\/view?usp=drive_link\"><strong>CREACI\u00d3N DE PROTOCOLO DE ATENCI\u00d3N Y ACOMPA\u00d1AMIENTO A PERSONAS MIGRANTES, DESPLAZADAS FORZADAS, RETORNADAS, FAMILIARES DE MIGRANTES, SOLICITANTES DE REFUGIO Y PERSONAS REFUGIADAS<\/strong>:<\/a> Vence el 15 de abril<\/p>\t\t\t\t\t\t\t\t<\/div>\n\t\t\t\t<\/div>\n\t\t\t\t\t<\/div>\n\t\t<\/div>\n\t\t\t\t\t<\/div>\n\t\t<\/section>\n\t\t\t\t<section class=\"elementor-section elementor-top-section elementor-element elementor-element-051c85d elementor-section-boxed elementor-section-height-default elementor-section-height-default\" data-id=\"051c85d\" data-element_type=\"section\">\n\t\t\t\t\t\t<div class=\"elementor-container elementor-column-gap-default\">\n\t\t\t\t\t<div class=\"elementor-column elementor-col-100 elementor-top-column elementor-element elementor-element-7d1b6dc\" data-id=\"7d1b6dc\" data-element_type=\"column\">\n\t\t\t<div class=\"elementor-widget-wrap elementor-element-populated\">\n\t\t\t\t\t\t<div class=\"elementor-element elementor-element-206d460 elementor-widget elementor-widget-text-editor\" data-id=\"206d460\" data-element_type=\"widget\" data-widget_type=\"text-editor.default\">\n\t\t\t\t<div class=\"elementor-widget-container\">\n\t\t\t\t\t\t\t\t\t<p align=\"center\" style=\"text-align: left;\">CONVOCATORIA EXTERNA<\/p>\n<p align=\"center\" style=\"text-align: left;\">T\u00c9RMINOS DE REFERENCIA PARA SERVICIOS DE CONSULTOR\u00cdA:<\/p>\n<p align=\"center\" style=\"text-align: left;\"><a href=\"https:\/\/drive.google.com\/file\/d\/1Y2IeSYzK-tYEBfRFtHyMWZlzErjXBHcK\/view?usp=drive_link\"><strong>CREACI\u00d3N DEL PLAN DE COMUNICACI\u00d3N DE RED JESUITA CON MIGRANTES GUATEMALA<\/strong><\/a>\u00a0Vence el 15 de abril<\/p>\t\t\t\t\t\t\t\t<\/div>\n\t\t\t\t<\/div>\n\t\t\t\t\t<\/div>\n\t\t<\/div>\n\t\t\t\t\t<\/div>\n\t\t<\/section>\n\t\t\t\t<section class=\"elementor-section elementor-top-section elementor-element elementor-element-64622ab elementor-section-boxed elementor-section-height-default elementor-section-height-default\" data-id=\"64622ab\" data-element_type=\"section\">\n\t\t\t\t\t\t<div class=\"elementor-container elementor-column-gap-default\">\n\t\t\t\t\t<div class=\"elementor-column elementor-col-100 elementor-top-column elementor-element elementor-element-4e77a76\" data-id=\"4e77a76\" data-element_type=\"column\">\n\t\t\t<div class=\"elementor-widget-wrap elementor-element-populated\">\n\t\t\t\t\t\t<div class=\"elementor-element elementor-element-2ad2abc elementor-widget elementor-widget-heading\" data-id=\"2ad2abc\" data-element_type=\"widget\" data-widget_type=\"heading.default\">\n\t\t\t\t<div class=\"elementor-widget-container\">\n\t\t\t\t\t<h2 class=\"elementor-heading-title elementor-size-default\">Convocatorias: Vence el 22 de mayo 2025<br><p style=\"text-indent:-18.0pt\"><span style=\"font-size: 7pt;line-height: normal\">&nbsp;\n<\/span><!--[endif]-->Gestor\/a de casos: Brindar acompa\u00f1amiento y seguimiento integral individualizado para la evaluaci\u00f3n de necesidades, asegurando la gesti\u00f3n de recursos para la promoci\u00f3n de protecci\u00f3n y dignidad de persona migrantes. ver TDR: <a href=\"https:\/\/l1nk.dev\/CU9qg\">https:\/\/l1nk.dev\/CU9qg<\/a><\/p><p><span style=\"text-indent: -18pt;color: inherit;font-size: 7pt;line-height: normal\">&nbsp;<\/span><span style=\"text-indent: -18pt;color: inherit\">Promotor\/a de atenci\u00f3n humanitaria: Brindar <\/span><span style=\"text-indent: -18pt;color: inherit\">acompa\u00f1amiento humanitario en la atenci\u00f3n y asistencia de los servicios b\u00e1sicos <\/span><span style=\"text-indent: -18pt;color: inherit\">en favor de las personas migrantes en tr\u00e1nsito, desplazadas, retornadas, <\/span><span style=\"text-indent: -18pt;color: inherit\">solicitantes de refugio, refugiadas y familiares de migrantes, con \u00e9nfasis en <\/span><span style=\"text-indent: -18pt;color: inherit\">ni\u00f1os, ni\u00f1as y adolescentes, ver TDR: <\/span><a href=\"https:\/\/l1nk.dev\/5FJOR\" style=\"text-indent: -18pt\">https:\/\/l1nk.dev\/5FJOR<\/a><\/p><p style=\"text-indent:-18.0pt\"><!--[endif]-->     Consultor\u00eda: \u201cContrataci\u00f3n de Servicios Profesionales de psicolog\u00eda para la atenci\u00f3n Psicosocial, acompa\u00f1amiento Psicoemocional a personas en movilidad humana en el Centro de Atenci\u00f3n Myrna Mack\u201d ver TDR: <a href=\"https:\/\/acesse.one\/LdQkR\">https:\/\/acesse.one\/LdQkR<\/a><\/p><\/h2>\t\t\t\t<\/div>\n\t\t\t\t<\/div>\n\t\t\t\t\t<\/div>\n\t\t<\/div>\n\t\t\t\t\t<\/div>\n\t\t<\/section>\n\t\t\t\t<\/div>\n\t\t","protected":false},"excerpt":{"rendered":"<p>2023 Junio Abogado para Atenci\u00f3n Legal, Vence el 20 de junio de 2023. \u00a0Septiembre CONSULTORIA PARA PROCESO DE SISTEMATIZACI\u00d3N DE LA EXPERIENCIA DE LA RED DE ATENCI\u00d3N Y ACTUALIZACI\u00d3N DEL PROTOCOLO REGIONAL: Vence el 28 de septiembre del 2023 CONSULTORIA PARA ELABORAR UNA GU\u00cdA PSICOSOCIAL DE NI\u00d1EZ Y FAMILIAS EN [&hellip;]<\/p>\n","protected":false},"author":1,"featured_media":0,"parent":0,"menu_order":0,"comment_status":"closed","ping_status":"closed","template":"","meta":{"_themeisle_gutenberg_block_has_review":false,"_joinchat":[],"footnotes":""},"class_list":["post-476","page","type-page","status-publish","hentry"],"jetpack_sharing_enabled":true,"_links":{"self":[{"href":"https:\/\/rjmguatemala.org\/index.php\/wp-json\/wp\/v2\/pages\/476","targetHints":{"allow":["GET"]}}],"collection":[{"href":"https:\/\/rjmguatemala.org\/index.php\/wp-json\/wp\/v2\/pages"}],"about":[{"href":"https:\/\/rjmguatemala.org\/index.php\/wp-json\/wp\/v2\/types\/page"}],"author":[{"embeddable":true,"href":"https:\/\/rjmguatemala.org\/index.php\/wp-json\/wp\/v2\/users\/1"}],"replies":[{"embeddable":true,"href":"https:\/\/rjmguatemala.org\/index.php\/wp-json\/wp\/v2\/comments?post=476"}],"version-history":[{"count":109,"href":"https:\/\/rjmguatemala.org\/index.php\/wp-json\/wp\/v2\/pages\/476\/revisions"}],"predecessor-version":[{"id":903,"href":"https:\/\/rjmguatemala.org\/index.php\/wp-json\/wp\/v2\/pages\/476\/revisions\/903"}],"wp:attachment":[{"href":"https:\/\/rjmguatemala.org\/index.php\/wp-json\/wp\/v2\/media?parent=476"}],"curies":[{"name":"wp","href":"https:\/\/api.w.org\/{rel}","templated":true}]}}